ded by r?
14
Suppose -3*t + 19 = 43. Let x(f) = -f - 8. Let m be x(t). Suppose h - 5*d - 18 - 23 = m, -2*h + 82 = -d. Calculate the remainder when h is divided by 11.
8
Let y(i) = -2*i - 5. Let u be y(-4). Let j be 27 - -1 - u/3. Let r = j - 11. What is the remainder when 47 is divided by r?
15
Let i = 4 + 5. Let j = -2 + 6. Suppose -j*z + i = -z. What is the remainder when 7 is divided by z?
1
Let r(p) = 2*p**2 - 21*p + 23. What is the remainder when 36 is divided by r(10)?
10
Suppose r - 5 = -2. Let w be (r/6)/(1/18). What is the remainder when 13 is divided by w + -1 + 4/(-4)?
6
Suppose -2*n = n - 15, k - 6 = 4*n. Let h(v) = 7*v - 7. Let f(z) = 4*z - 4. Let x(s) = 5*f(s) - 3*h(s). What is the remainder when k is divided by x(-6)?
5
Suppose 0 = 4*m - 6*m + 8. Suppose m*j - 1 = 43. What is the remainder when j is divided by 6?
5
Suppose -r - r + 2*i = -6, i = -5*r + 9. Let u be r/8 - 13/4. Let h = u + 17. Calculate the remainder when 39 is divided by h.
11
Let u(t) = 2*t**2 + 7*t - 2. Let n = 2 + 2. Let p(l) = l**2 - 6*l + 3. Let x be p(n). What is the remainder when u(x) is divided by 7?
6
Suppose 5*u - 32 = -7, -d + 18 = 5*u. Calculate the remainder when ((-9)/6)/(d/182) is divided by 14.
11
Suppose -20 + 7 = -x. What is the remainder when 155 is divided by x?
12
Suppose -5*z - 20 = -0*z. Let a(q) be the second derivative of -q**4/12 - 5*q**3/6 - q**2 + q. What is the remainder when 4 is divided by a(z)?
0
Suppose 5*w = -0*w + 65. Let u = 3 + w. What is the remainder when u is divided by 6?
4
Let r(l) = l**2 + l. Let h be r(-1). Calculate the remainder when 9/6*1*12 is divided by -1*(h/(-2) + -10).
8
Let w = 40 - 23. Calculate the remainder when w is divided by 9.
8
Let m(y) = y**3 + y**2 - 2*y + 2. Let d be m(2). Suppose -28 = -c - d. Calculate the remainder when 51 is divided by c.
15
Let l(c) = c**3 + 5*c**2 + c - 5. Let n be l(-3). Calculate the remainder when 16 is divided by (1 - 16)*(-4)/n.
4
Let o(m) = 3*m**3 - 4*m**2 + 4*m - 3. Calculate the remainder when o(3) is divided by 14.
12
Let r(t) = -t**3 - 3*t**2 - t + 2. Let y be r(-2). Let k = 36 + -24. What is the remainder when k is divided by (1 - y) + (-18)/(-3)?
5
Let x be 5 + -2 + (3 - 4). Suppose 54 = -t - x*t. Let o = t + 28. Calculate the remainder when 18 is divided by o.
8
Let f = -697 - -469. Calculate the remainder when (f/8)/((-3)/6) is divided by 15.
12
Let h(m) = -m**2 + 7*m + 9. Calculate the remainder when 935/35 + 8/28 - 4 is divided by h(7).
5
Let v(c) = c**3 + 6*c**2 + 4. Let h be v(-6). Suppose 20 = h*f - 0. Calculate the remainder when 18 is divided by f.
3
Let h be 0/3*-1 - 4*21. Let o(c) = 12*c**2 + 5*c - 2. Let g be o(3). Let a = h + g. Calculate the remainder when a is divided by 19.
18
Let z = 11 + -9. Suppose -2*o = -4, z*x + 5*o = -0*o + 62. What is the remainder when x is divided by 9?
8
Let s(v) = v**3 + 43. Let b be (-40)/(-22) - 2/(-11). Suppose m - 6 = 3*o - o, -b*m = 5*o + 15. Calculate the remainder when s(m) is divided by 15.
13
Suppose -6*y = -y - 15. Suppose -q = -3 - 0. What is the remainder when q is divided by y?
0
Let q(z) = -z**2 - z. Let l(o) = -7*o**2 - 10*o - 4. Let k(f) = -l(f) + 6*q(f). What is the remainder when 99 is divided by k(-7)?
24
Let i be (4 - 1)*(7 - 6). Suppose -i*j + 5*j - 18 = 0. Suppose -3*b = -3 - 6. What is the remainder when j is divided by b?
0
Let d(l) = -3*l**3 - 5*l**2 - 10*l - 12. What is the remainder when d(-4) is divided by 36?
32
Let s = -6 - -8. Let b = -79 + 83. Suppose 0 = -2*y + 4 + s, -b*i + 103 = 5*y. Calculate the remainder when i is divided by 12.
10
Suppose 4*a = 6 + 42. Let w = 9 - 9. Suppose b = 5*g - 2*b - 158, w = -5*b + 20. Calculate the remainder when g is divided by a.
10
Suppose o = -o - 4. Let v(w) = w**2 - 3*w - 2. Calculate the remainder when 14 is divided by v(o).
6
Suppose 0 = 7*l - 4*l - 12. Suppose -6*o = -o - 35. Let q = 10 - o. Calculate the remainder when l is divided by q.
1
Suppose -2*q + 5*w + 30 = 0, 5*q = -2*w + 14 + 3. Suppose 5*r = 5, -2*r = -q*v - r + 19. What is the remainder when 37 + 0 + (2 - v) is divided by 12?
11
Let l = -2 - 7. Let y(r) = r**2 + 8*r + 8. What is the remainder when y(l) is divided by 10?
7
Let c(b) = 5*b**2. Calculate the remainder when 32 is divided by c(-1).
2
Let c = -16 + 24. Suppose a = 2*a - c. Calculate the remainder when a is divided by 2.
0
Let q(w) = -w**3 - 9*w**2 - 11*w - 12. Let j(a) = -2*a**2 - 18*a + 7. What is the remainder when q(-8) is divided by j(-9)?
5
Calculate the remainder when (4/5)/(-2*(-1)/100) is divided by 14.
12
Let g(c) = c**3 - 4*c**2 - 5*c. Let t be g(5). Suppose 0 = -t*w + w - 32. What is the remainder when w is divided by 17?
15
Suppose -15*p = -19*p + 44. Calculate the remainder when 30 is divided by p.
8
Let t(n) = 2*n + 3. Suppose 0 = 4*s - m + 2*m - 33, -3*m = -4*s + 29. Calculate the remainder when ((-18)/(-7))/((-3)/(-42)) is divided by t(s).
17
Let m(y) = 2*y**3 - 4*y**2 + y + 2. Suppose -6 = -2*o + o. Let w(g) = -g**3 + 7*g**2 - 3*g - 7. What is the remainder when w(o) is divided by m(2)?
3
Let u be (-3 - -3)*(-2)/4. Suppose u = -5*a - r - 4*r + 20, -3*a = -3*r - 36. Calculate the remainder when (-44)/3*3/(-2) is divided by a.
6
Let b = 113 - 52. Calculate the remainder when b is divided by (2 - -5)/((-2)/(-6)).
19
Let u(t) = -2*t + 3*t + 4*t + 1. Let g be u(9). Let y = -30 + g. Calculate the remainder when 47 is divided by y.
15
Let q(h) = h**3 + 3*h**2 - 6*h - 6. Suppose 3*s - 2*s = -4. Suppose 8 = 5*y - 2. Calculate the remainder when y is divided by q(s).
0
Suppose -2*o = -64 + 16. Suppose 3 = 2*n - p - 135, 0 = -4*n + p + 278. What is the remainder when n is divided by o?
22
Suppose -30 = -b - 6. Calculate the remainder when b is divided by 9.
6
Let l be -2 - (0 - 2) - 0. Suppose n - 7 - 9 = l. Calculate the remainder when 31 is divided by n.
15
Let n(i) = 2*i + 6. Let f be n(-4). Suppose 3*z + 91 = 5*k, 5*k - 20 = -4*z + 57. What is the remainder when k is divided by (0 - -9)*(f - -3)?
8
Let v(l) = 41*l**2 - 3. What is the remainder when v(2) is divided by 15?
11
What is the remainder when (-164)/(-6) - ((-5)/3 - -1) is divided by 10?
8
What is the remainder when 346/10 - 4/(-10) is divided by 12?
11
Suppose 4 = -3*q - 2. Let g = 1 - 2. Calculate the remainder when 10 is divided by (1 - g)/(q/(-4)).
2
What is the remainder when 34 is divided by (1/(-3))/(10/(-270))?
7
Let p = -3 + 5. Suppose 2*i + 2*i - 2 = p*z, 0 = -i + 3*z - 7. What is the remainder when 0 + 0 + (i - -1) is divided by 2?
1
Let v(n) = 6*n**2 + 6*n + 3. Let f(p) = -p**2. Let q(w) = 5*f(w) + v(w). What is the remainder when 7 is divided by q(-6)?
1
Let k = -14 + 16. Suppose 13 = k*x + 3. Calculate the remainder when 7 is divided by x.
2
Suppose -3*b + 22 + 26 = 0. Suppose 2*v - 3*i - 260 = 407, 3*v = -4*i + 975. What is the remainder when (v/14)/(1/2) is divided by b?
15
Suppose -20 = -9*x + 4*x. Suppose g + 4*c = -3*g, -20 = -g + x*c. Calculate the remainder when 10 + -6 + (0 - -5) is divided by g.
1
Let r(o) = o**2 - o + 2. Let i be r(0). Suppose 200 = 5*g + 5*j, i*j - 45 + 10 = -g. Calculate the remainder when g is divided by 16.
13
Let d(u) be the third derivative of u**6/30 + u**3/6 - u**2. Suppose -7*j = 5 - 26. What is the remainder when d(1) is divided by j?
2
Let u(t) = -t + 6. Let x be u(-6). Suppose 0 = j + 5, b + x = -b - 4*j. Calculate the remainder when 32 + b - (1 - -1) is divided by 12.
10
Let c = 2 - 0. Suppose 0 = -0*k - c*k + 18. Suppose -11*r + 24 = -7*r. Calculate the remainder when k is divided by r.
3
Let b(r) = -3*r + 1. Suppose -5*y - 17 = -7. Calculate the remainder when b(y) is divided by 3.
1
Let q(v) = v**2 + 10*v. Let z = -3 - -12. What is the remainder when q(-12) is divided by z?
6
Suppose 5*b - 20 = -0. Suppose 3*w + 69 - 27 = 0. Let t = -4 - w. Calculate the remainder when t is divided by b.
2
Suppose -6*k = -52 - 62. What is the remainder when 55 is divided by k?
17
What is the remainder when 57 is divided by ((-3)/(-9) - 0) + 62/3?
15
Suppose 23*c + 58 = 173. What is the remainder when 5 is divided by c?
0
Let a = 82 + -29. Let v = 11 + -14. Calculate the remainder when a is divided by -1 - ((-18)/1 - v).
11
Let j = -4 - -2. Let d(q) = -4*q**2 + 3*q + 2. Let f be d(j). Let v = 55 + f. What is the re